-71*i - 1610. Calculate h(-25).
165
Let o(x) = 93*x - 243. Give o(4).
129
Let o(r) = 257*r + 12541. What is o(-50)?
-309
Let k(b) = -3*b**2 + 32*b - 11. Give k(7).
66
Let n(y) = 78*y + 994. Determine n(-13).
-20
Let i(n) = -1665*n**2 - 4996*n - 7. Determine i(-3).
-4
Let i(p) = -18*p - 22. Calculate i(7).
-148
Let t(v) = v**3 + v**2 - 16*v + 7. What is t(3)?
-5
Let c(l) = l**3 + 49*l**2 + 174*l + 88. Give c(-45).
358
Let n(s) = 44*s + 122. Calculate n(-4).
-54
Let g(c) = -34*c + 54. What is g(-3)?
156
Let t(b) = b**3 - 22*b**2 + 82*b - 2. Determine t(4).
38
Let w(j) = 15*j**2 + 828*j + 168. Give w(-55).
3
Let u(i) = 3*i**3 + 465*i**2 + 461*i - 152. Calculate u(-154).
2
Let u(v) = 2*v**3 + 57*v**2 + 49*v + 579. Calculate u(-28).
-9
Let q(z) = -z**3 - 31*z**2 - 134*z + 26. Calculate q(-26).
130
Let y(l) = -202*l + 195. Calculate y(1).
-7
Let a(s) = s**3 - 12*s**2 - 67*s - 320. Calculate a(17).
-14
Let q(g) = 5*g**3 + 80*g**2 - 3*g - 53. Give q(-16).
-5
Let f(j) = j**3 + 84*j**2 - 1484*j + 106. What is f(-99)?
7
Let g(w) = -45*w + 161. Give g(3).
26
Let t(f) = -f**3 - 23*f**2 + 49*f + 15. What is t(-25)?
40
Let l(b) = -b**2 - 177*b + 11622. Determine l(51).
-6
Let t(g) = 5671*g + 34036. Determine t(-6).
10
Let k(o) = -99*o + 1198. Determine k(12).
10
Let p(g) = 274*g - 1652. Determine p(6).
-8
Let b(f) = 13*f - 156. Calculate b(0).
-156
Let d(b) = 3*b**2 - 53*b + 83. What is d(18)?
101
Let p(g) = g**3 - 11*g**2 + 11*g + 5. Calculate p(6).
-109
Let g(t) = -36*t - 2332. Calculate g(-65).
8
Let w(u) = -13*u**2 - 3*u + 2. What is w(5)?
-338
Let r(d) = 5*d**2 - 2061*d + 12181. Give r(6).
-5
Let z(s) = -253*s - 1004. Calculate z(-4).
8
Let j(h) = h**3 - 60*h**2 + 325*h - 34. What is j(54)?
20
Let p(m) = m**2 + 71*m - 147. Calculate p(-74).
75
Let z(w) = 9*w + 216. Give z(-28).
-36
Let p(t) = -3*t**2 + 3*t + 15. What is p(4)?
-21
Let y(b) = b**2 - 168*b - 31. Give y(0).
-31
Let l(b) = b**2 + 182*b - 190. Determine l(1).
-7
Let h(d) = 4*d**2 + 236*d - 28. Calculate h(-59).
-28
Let n(k) = 17*k**2 + 8*k + 2. What is n(-3)?
131
Let c(h) = -68*h**2 + 13*h - 31. Give c(2).
-277
Let r(g) = -g**2 + 3*g + 127. What is r(12)?
19
Let t(q) = 9*q**2 + 568*q + 8913. Calculate t(-34).
5
Let z(r) = 33*r - 1253. Determine z(36).
-65
Let z(m) = 6*m**3 + 4*m**2 - 26*m - 29. Determine z(-1).
-5
Let d(z) = -z**3 + 25*z**2 + 16*z + 174. Give d(26).
-86
Let d(o) = -o**2 - 16*o - 32. Determine d(-26).
-292
Let x(y) = 49*y + 33. Calculate x(15).
768
Let j(i) = 5*i**2 + 65*i - 57. Determine j(-14).
13
Let d(b) = -b**2 - 19*b - 51. Calculate d(0).
-51
Let x(z) = 123*z + 544. Calculate x(-3).
175
Let z(n) = -2*n**3 - 225*n**2 - 106*n + 683. Calculate z(-112).
11
Let r(y) = -y**3 + 30*y**2 - 72*y + 1375. Determine r(29).
128
Let m(r) = 13*r**2 - 99*r - 103. What is m(-1)?
9
Let k(f) = -f**3 - 16*f**2 - 21*f + 83. Give k(-13).
-151
Let l(k) = -3*k**2 + 25*k - 22. Calculate l(8).
-14
Let g(p) = 6*p**3 + 2*p**2 - 22*p - 58. What is g(-3)?
-136
Let q(d) = -d - 130. What is q(-21)?
-109
Let t(f) = 39*f + 283. Calculate t(-6).
49
Let g(k) = -11*k**3 - 30*k**2 + 13*k + 67. Determine g(-6).
1285
Let f(c) = -150*c**3 + 4*c**2 - 2*c. Determine f(1).
-148
Let h(y) = -3*y**2 - 8*y + 17. Calculate h(-11).
-258
Let b(f) = -54*f - 418. Determine b(-8).
14
Let h(c) = 16*c - 20. Calculate h(-19).
-324
Let n(t) = 2*t**3 - 21*t**2 + 12*t - 20. Give n(10).
0
Let v(t) = t**2 + 2*t - 1928. Calculate v(43).
7
Let o(f) = 50*f + 190. Calculate o(-4).
-10
Let b(g) = 119*g + 120. Give b(-1).
1
Let z(p) = -p**3 + 196*p**2 - 187*p - 1637. What is z(195)?
-77
Let d(y) = y**3 + 6*y**2 - 5*y + 8. Determine d(-7).
-6
Let w(o) = o**3 + 37*o**2 - 159*o + 214. Calculate w(-41).
9
Let z(l) = 3732*l - 11210. Determine z(3).
-14
Let z(o) = 66*o - 485. Calculate z(14).
439
Let z(c) = -3*c**2 + 61*c - 20. What is z(-7)?
-594
Let p(v) = 112*v + 1214. What is p(-11)?
-18
Let f(o) = 16*o**2 + 76*o + 2. What is f(-5)?
22
Let s(u) = -28*u**2 - 93*u - 5. Calculate s(-4).
-81
Let l(j) = -4*j**2 - 19*j - 3. Give l(-6).
-33
Let t(n) = 7*n**3 - 141*n**2 + 10*n + 209. Determine t(20).
9
Let i(p) = 2*p**3 - 27*p**2 - 28*p - 34. What is i(15)?
221
Let r(n) = -211*n + 1649. What is r(9)?
-250
Let p(g) = g**3 - 12*g**2 + 25*g + 9. What is p(4)?
-19
Let t(k) = 98*k + 551. Give t(-7).
-135
Let m(z) = z**3 + z**2 - 103*z - 59. Give m(10).
11
Let x(j) = 10*j - 104. Determine x(13).
26
Let o(l) = 941*l - 6. Determine o(0).
-6
Let s(l) = 1426*l + 22741. Determine s(-16).
-75
Let z(v) = -2*v**2 + 4*v + 64. Give z(10).
-96
Let y(l) = -277*l**2 - 22*l + 21. Give y(1).
-278
Let o(y) = -y**2 - 372*y - 2912. What is o(-8)?
0
Let i(k) = 1305*k + 53505. Give i(-41).
0
Let v(q) = -46*q - 1422. Determine v(-31).
4
Let l(x) = -482*x - 974. Calculate l(-2).
-10
Let g(w) = -3*w**3 - 32*w**2 + 43*w - 11. Determine g(1).
-3
Let t(y) = -y**3 - 27*y**2 + 4*y - 517. Calculate t(-28).
155
Let q(k) = 32*k**3 - 8*k**2 + 35*k - 40. Give q(2).
254
Let z(y) = -2*y**3 + 88*y**2 - 82*y - 322. Calculate z(43).
-150
Let j(u) = 28*u**2 - 1429*u + 56. Give j(51).
5
Let z(n) = -n + 63. What is z(-18)?
81
Let j(d) = -d**3 - 83*d**2 - 82*d + 10. Calculate j(-82).
10
Let w(v) = 79*v**3 - v**2 + 3*v + 1. Give w(-1).
-82
Let d(o) = o**3 + 15*o**2 + 22*o + 35. Give d(-12).
203
Let v(n) = 3*n**2 - 168*n + 165. Calculate v(55).
0
Let b(v) = -11*v - 79. Determine b(-6).
-13
Let d(w) = 40*w + 307. Determine d(-13).
-213
Let s(i) = -304*i + 5649. Determine s(18).
177
Let i(b) = b**3 + 56*b**2 - 30*b + 1391. Give i(-57).
-148
Let m(x) = -x**3 + 101*x**2 + 411*x + 944. Determine m(105).
-1
Let y(v) = -171*v + 5474. Calculate y(32).
2
Let m(l) = -28*l + 1261. Give m(45).
1
Let p(r) = -6*r**2 - 45*r + 9. Determine p(-8).
-15
Let z(q) = -2*q**3 - 51*q**2 - 174*q - 5. Determine z(-4).
3
Let u(l) = -20*l**3 + 139*l**2 + 7*l + 6. Give u(7).
6
Let k(l) = 15*l + 180. Calculate k(-12).
0
Let v(y) = 36*y**3 - y**2 - 2*y + 5. Calculate v(2).
285
Let i(a) = 20*a - 329. What is i(32)?
311
Let l(y) = y**2 + 239*y + 5515. Give l(-26).
-23
Let x(o) = o**3 - 17*o**2 - 64*o + 46. Give x(20).
-34
Let b(k) = -15*k**3 - 2*k**2 - 10*k + 15. Calculate b(2).
-133
Let d(l) = l**2 + 25*l - 191. Determine d(-31).
-5
Let r(m) = -105*m + 307. Give r(3).
-8
Let h(u) = -u**2 + 40*u - 37. What is h(5)?
138
Let n(u) = -u**2 - 20*u + 95. What is n(-24)?
-1
Let j(c) = 18*c**2 + 214*c - 23. Determine j(-12).
1
Let j(n) = -163*n + 1799. What is j(10)?
169
Let a(m) = -8*m**3 + m**2 + 22*m + 45. Give a(-2).
69
Let b(o) = o**2 + 42*o + 237. Determine b(-28).
-155
Let q(f) = -170*f**2 + 27882*f - 337. Give q(164).
-9
Let k(t) = -t**2 + 55*t - 763. Give k(29).
-9
Let j(n) = -n**3 - 38*n**2 + 29*n - 385. Determine j(-39).
5
Let o(a) = 19*a + 144. Determine o(-10).
-46
Let l(p) = 44*p**2 + 4443*p - 89. Determine l(-101).
12
Let b(j) = -369*j - 1548. Calculate b(-4).
-72
Let c(n) = -85*n + 957. Calculate c(11).
22
Let x(n) = -969*n + 28103. Give x(29).
2
Let m(z) = -835*z - 17373. Determine m(-21).
162
Let n(b) = 8*b**2 - 184*b + 182. Calculate n(1).
6
Let w(o) = -2*o**2 - 24*o - 25. Give w(-10).
15
Let g(d) = -475*d - 29000. Determine g(-61).
-25
Let p(r) = 26*r**2 + 6*r + 1. Calculate p(-1).
21
Let i(a) = 13457*a + 26916. Calculate i(-2).
2
Let h(d) = -d**3 + 35*d**2 - 60*d - 320. Calculate h(33).
-122
Let g(a) = a**3 + 45*a**2 + 55*a + 531. Calculate g(-44).
47
Let g(k) = k**3 - 13*k**2 + 3*k + 76. Calculate g(3).
-5
Let h(g) = 11*g**2 + 20*g + 53. Give h(-4).
149
Let w(f) = -634*f - 2226. What is w(-4)?
310
Let c(r) = r**3 - 33*r**2 + 172*r - 901. Determine c(28).
-5
Let j(d) = -d - 26. Give j(2).
-28
Let b(z) = -63*z**2 - 9*z - 8. Determine b(2).
-278
Let z(s) = -21*s - 40. Give z(7).
-187
Let v(y) = -105*y + 3996. Determine v(38).
6
Let l(s) = -s**2 + 28*s + 109. Calculate l(11).
296
Let o(z) = -3*z**2 - 301*z - 68. What is o(-100)?
32
Let n(r) = -3*r - 120. Give n(-23).
-51
Let y(j) = -2*j**2 - 179*j - 750. Determine y(-85).
15
Let v(u) = -38*u**3 - 23*u**2 + 24*u - 4. Determine v(1).
-41
Let j(w) = -19*w**3 - 14*w - 36. Give j(-2).
144
Let m(h) = h + 42. Give m(-19).
23
Let j(k) = -28*k - 495. What is j(-17)?
-19
Let v(k) = -1324*k + 3982. What is v(3)?
10
Let x(f) = -f**3 + 19*f**2 + 49*f - 47. Give x(21).
100
Let l